{"id":255,"date":"2020-12-14T17:03:31","date_gmt":"2020-12-14T17:03:31","guid":{"rendered":"http:\/\/forstbetrieb-becker.de\/?page_id=255"},"modified":"2025-10-02T09:49:39","modified_gmt":"2025-10-02T09:49:39","slug":"faq","status":"publish","type":"page","link":"https:\/\/forstbetrieb-becker.de\/?page_id=255","title":{"rendered":"FAQ"},"content":{"rendered":"\n<p>H\u00e4ufig gestellte Fragen vorab beantwortet:<\/p>\n\n\n\n<p><strong>Muss ein Termin vereinbart werden?<\/strong><br>Antwort: Nein, die Fl\u00e4che ist ausreichend.<\/p>\n\n\n\n<p><strong>M\u00fcssen wir eine S\u00e4ge mitbringen?<\/strong><br>Antwort: Nein, S\u00e4gen sind leihweise ohne Aufpreis vor Ort vorhanden.<\/p>\n\n\n\n<p><strong>Wo genau ist der Ort zum Baum schlagen?<\/strong><br>Antwort: Siehe die <a href=\"https:\/\/forstbetrieb-becker.de\/?page_id=307\" data-type=\"page\" data-id=\"307\">Wegbeschreibung<\/a> auf der Webseite.<\/p>\n\n\n\n<p><\/p>\n","protected":false},"excerpt":{"rendered":"<p>H\u00e4ufig gestellte Fragen vorab beantwortet: Muss ein Termin vereinbart werden?Antwort: Nein, die Fl\u00e4che ist ausreichend. M\u00fcssen wir eine S\u00e4ge mitbringen?Antwort: Nein, S\u00e4gen sind leihweise ohne Aufpreis vor Ort vorhanden. Wo genau ist der Ort zum Baum schlagen?Antwort: Siehe die Wegbeschreibung auf der Webseite.<\/p>\n","protected":false},"author":1,"featured_media":0,"parent":0,"menu_order":0,"comment_status":"closed","ping_status":"closed","template":"","meta":{"neve_meta_sidebar":"default","neve_meta_container":"","neve_meta_enable_content_width":"off","neve_meta_content_width":100,"neve_meta_title_alignment":"","neve_meta_author_avatar":"","neve_post_elements_order":"","neve_meta_disable_header":"","neve_meta_disable_footer":"","neve_meta_disable_title":"","_themeisle_gutenberg_block_has_review":false,"footnotes":""},"class_list":["post-255","page","type-page","status-publish","hentry"],"_links":{"self":[{"href":"https:\/\/forstbetrieb-becker.de\/index.php?rest_route=\/wp\/v2\/pages\/255","targetHints":{"allow":["GET"]}}],"collection":[{"href":"https:\/\/forstbetrieb-becker.de\/index.php?rest_route=\/wp\/v2\/pages"}],"about":[{"href":"https:\/\/forstbetrieb-becker.de\/index.php?rest_route=\/wp\/v2\/types\/page"}],"author":[{"embeddable":true,"href":"https:\/\/forstbetrieb-becker.de\/index.php?rest_route=\/wp\/v2\/users\/1"}],"replies":[{"embeddable":true,"href":"https:\/\/forstbetrieb-becker.de\/index.php?rest_route=%2Fwp%2Fv2%2Fcomments&post=255"}],"version-history":[{"count":8,"href":"https:\/\/forstbetrieb-becker.de\/index.php?rest_route=\/wp\/v2\/pages\/255\/revisions"}],"predecessor-version":[{"id":331,"href":"https:\/\/forstbetrieb-becker.de\/index.php?rest_route=\/wp\/v2\/pages\/255\/revisions\/331"}],"wp:attachment":[{"href":"https:\/\/forstbetrieb-becker.de\/index.php?rest_route=%2Fwp%2Fv2%2Fmedia&parent=255"}],"curies":[{"name":"wp","href":"https:\/\/api.w.org\/{rel}","templated":true}]}}

<p>Häufig gestellte Fragen vorab beantwortet:</p>



<p><strong>Muss ein Termin vereinbart werden?</strong><br>Antwort: Nein, die Fläche ist ausreichend.</p>



<p><strong>Müssen wir eine Säge mitbringen?</strong><br>Antwort: Nein, Sägen sind leihweise ohne Aufpreis vor Ort vorhanden.</p>



<p><strong>Wo genau ist der Ort zum Baum schlagen?</strong><br>Antwort: Siehe die <a href="https://forstbetrieb-becker.de/?page_id=307" data-type="page" data-id="307">Wegbeschreibung</a> auf der Webseite.</p>



<p></p>

<p>Häufig gestellte Fragen vorab beantwortet: Muss ein Termin vereinbart werden?Antwort: Nein, die Fläche ist ausreichend. Müssen wir eine Säge mitbringen?Antwort: Nein, Sägen sind leihweise ohne Aufpreis vor Ort vorhanden. Wo genau ist der Ort zum Baum schlagen?Antwort: Siehe die Wegbeschreibung auf der Webseite.</p>
